ctors of 4301/69 + (-2)/c?
2, 31
Let j = -24 + 36. Suppose -23*d - 42 = -17*d. Let h = j - d. What are the prime factors of h?
19
What are the prime factors of -4*(2815/(-10) + -3)?
2, 569
Let b = 111 - 109. Suppose b*k - 99 = k. What are the prime factors of k?
3, 11
Suppose -19*q = -5*q - 8932. List the prime factors of q.
2, 11, 29
Let l be 2*(-2)/4*-5. Suppose -36 = i - 41. Suppose -i*p = 3*s + 17 - 115, l*s - 154 = p. List the prime factors of s.
31
Suppose -6*i + 100 = -i. Suppose 0*v + 4*v = i. Suppose -v*u - 8 = -228. List the prime factors of u.
2, 11
Let z be 14*15*1/2. List the prime factors of ((-18)/(-7))/(5/z).
2, 3
Suppose 0*i + 6*i = 30. Suppose 5*u = i, 3*u + 76 = 3*w - 701. What are the prime factors of w?
2, 5, 13
Suppose -4*a = -3*a + 9. Let s(z) = z**2 - 3*z - 14. Let i be s(8). Let f = a + i. What are the prime factors of f?
17
Let a(b) = -b**2 - 11*b + 17. Let h be a(-12). Suppose -2*q + u = 3*q - 123, -3*q + h*u = -87. What are the prime factors of q?
2, 3
Let c(d) = 8*d**2 + 4*d**2 + d - 7 + 5. What are the prime factors of c(-3)?
103
Let s(i) = -3*i + 13. Let y be s(-13). Suppose 2*t = 7*t - 2*a - 220, -2*a - y = -t. Suppose 9 = -3*g, 0 = -3*m - 3*g + 7*g + t. List the prime factors of m.
2, 5
Let k = 1079 - -2177. What are the prime factors of k?
2, 11, 37
Let y(u) = u**2 - 6*u + 14. Let d be y(4). Let w(v) = 3*v**2 + 3*v - 22. What are the prime factors of w(d)?
2, 13
Suppose 3121 = 5*r + 2*t, -3*t - 299 - 938 = -2*r. What are the prime factors of r?
7, 89
Let g = 6 + 1. Let i = g - -55. List the prime factors of i.
2, 31
Suppose 12*u - 63 = 9*u. Suppose -5*d + 28 = s + 9, u = 3*s + 3*d. What are the prime factors of s?
2
Suppose -3*f = -4*d - 1349, 56*d - 52*d = -5*f + 2195. List the prime factors of f.
443
Let r be (3 + -5)*(3 - 4). Suppose -2842 = -16*x + r*x. List the prime factors of x.
7, 29
Let c(g) = -g**3 + 7*g**2 - 2*g + 1. Let m be 5/((27/(-6) - 3)/(-9)). What are the prime factors of c(m)?
5
Let l(b) = -b**3 - 4*b**2 + 6*b + 12. Let w = 13 - 19. What are the prime factors of l(w)?
2, 3
Suppose 2*i + 18*i = 0. Let u = 1 + -2. List the prime factors of 20 + -4 + (i - u).
17
Let f(w) = w**3 - 29*w**2 + 27*w + 65. List the prime factors of f(28).
37
Suppose t = -5*o + 3*t + 82, 63 = 4*o + t. Let z = o - 0. List the prime factors of z.
2
Let h be 33/(-22)*20/6. Suppose 6 = -3*b, -14 = -2*n - 2*b + 3*b. What are the prime factors of n/(-15) + (-192)/h?
2, 19
Let i(v) = v**3 - 6*v**2 + 2*v - 7. Suppose 30 = 2*o + 3*o. What are the prime factors of i(o)?
5
Let n be 1 + -2 - (-1 + -1). Suppose -5*b + 16 - n = 0. Suppose -6*o + 66 = -b*o. What are the prime factors of o?
2, 11
Suppose 12*u - 2043 = 945. List the prime factors of u.
3, 83
Let m be (-1718)/(-14) + 6/21. Let p be 2/(-6) - 744/9. Let u = p + m. What are the prime factors of u?
2, 5
Let g(t) = t**3 - 6*t**2 - 6*t - 9. Let k be g(7). Let l = 2 - k. Suppose -3*n - 22 = -l*n. What are the prime factors of n?
2, 11
Suppose 179 = -3*s - 37. Let p = 161 + s. List the prime factors of p.
89
Suppose 634 = 4*z - v - 66, 0 = -5*z + 2*v + 872. List the prime factors of z.
2, 11
Suppose 320 = 3*q + 5*z, -5*q = 9*z - 5*z - 516. What are the prime factors of q?
2, 5
Let b = -445 + 1055. List the prime factors of b.
2, 5, 61
Suppose 136 = -7*c + 52. Let i = 1 + 1. What are the prime factors of (-6 - c)/(i/7)?
3, 7
Let x be 7808/(-18) + 4/(-18). Let y be (1 - -3)*9/((-72)/16). List the prime factors of x/y + 18/24.
5, 11
Suppose 3*s = -3*p + 1383, 2*p - 772 = -s - 308. What are the prime factors of s?
2, 229
What are the prime factors of ((-9)/(-6) - 4)*-1046?
5, 523
Let j = -22 + 17. Let b = -2 - j. Suppose 0 = -o + 3*o, -105 = -b*g + 5*o. What are the prime factors of g?
5, 7
Let x = 913 + 590. What are the prime factors of x?
3, 167
Let y(p) = 24*p**2 - 3*p + 2. Suppose -3*a = -4*z + 14, -5*a + 0 = -z - 5. Let d(k) = 2*k - 3. Let l be d(a). What are the prime factors of y(l)?
23
What are the prime factors of (-64488)/(-32)*(-12)/(-9)?
2687
Suppose -293*h + 266 = -291*h. What are the prime factors of h?
7, 19
Suppose 0 = 7*u - 377 - 5167. What are the prime factors of u?
2, 3, 11
Suppose 2*c = 3*c + 5*w - 14, -3*c + 3*w + 6 = 0. Let x be 3 - (c - -1*69). Let z = x + 117. List the prime factors of z.
47
Let q(j) = -1281*j**3 + 3*j**2 + 11*j + 9. List the prime factors of q(-1).
2, 641
Let c(f) = -f**2 - 8*f + 5. Let s be c(-8). Let d be ((-32)/(-20))/(2/s). What are the prime factors of 9/d - 2/8?
2
Let t = 83 + 651. List the prime factors of t.
2, 367
Let k = 1417 + 3081. What are the prime factors of k?
2, 13, 173
Let a = -832 - -1935. What are the prime factors of a?
1103
Let t(l) = 24*l - 8. Let x be t(6). Suppose -2*d = x - 564. List the prime factors of d.
2, 107
Suppose -2903 = -w - s, -5*w + 10*s - 6*s = -14497. What are the prime factors of w?
3, 967
Let j = 1501 + -1108. What are the prime factors of j?
3, 131
Let p = -695 + 392. Let k = p - -473. List the prime factors of k.
2, 5, 17
Let q(z) = -z**3 + 6*z**2 + 2*z + 30. Let r be q(7). List the prime factors of (-542)/r + (-12)/30.
2, 3
Let v(j) be the third derivative of j**5/60 + j**4/6 - j**3/3 - 5*j**2. Let p be v(-5). Suppose 59 - 143 = -p*m. What are the prime factors of m?
2, 7
Suppose -4*c - 16 = 4*l, -1 = 2*l - 9. Let b(u) = u**2 + 8*u + 10. Let o be b(c). Let y = o - -60. What are the prime factors of y?
2, 5, 7
Let b(y) = -72*y - 16. What are the prime factors of b(-29)?
2, 7, 37
Let x(t) = t**2 - 6*t + 7. Suppose -4*d + 44 = 16. Let k = d + -2. List the prime factors of x(k).
2
Suppose -6 = -3*p + 3. Suppose 2*y + 5*w - 110 = 0, 0*y - p*w + 102 = 2*y. What are the prime factors of y?
3, 5
Suppose -4*l - 975 = -9*l. Let o = l + -109. List the prime factors of o.
2, 43
Suppose 2*i - 3*t - 6 = 0, -i - 4*t + 3 = -0. Suppose i*u = p - 26, 2*u + 54 = 3*p - u. What are the prime factors of 2 - (p/(-1) - 1)?
17
Let h = -6 - 2. Let q = h - 13. What are the prime factors of (-90)/(-21) + 6/q?
2
Suppose 152*n - 555 = 149*n. What are the prime factors of n?
5, 37
Suppose -16 = -h + 3*q, 0*h = -5*h - 3*q + 8. Suppose h*f = 8*f - 28. Let b = f - -2. What are the prime factors of b?
3
Let r = 111 - -30. What are the prime factors of r?
3, 47
Suppose 0 = -r - 2*s - 0*s, 0 = 4*r + 5*s - 6. What are the prime factors of r?
2
Let l(h) = h**3 - 4*h**2 - 7*h + 4. Let w be l(5). Let t be (w + 3)*34/6. Let d = t - -32. List the prime factors of d.
3, 5
Let t = -7 - -7. Suppose -645 = -5*q + 5*n, 2*n + t*n - 132 = -q. What are the prime factors of (-6)/27 + q/18?
7
Let h(f) = f - 6. Let n be h(10). Let o(t) = -t + 1. Let y be o(-4). Suppose -4*i + 3*i + y*g = -59, 0 = n*i + 5*g - 161. List the prime factors of i.
2, 11
Suppose a - 2*m = -0*a + 391, -3*a + 3*m + 1173 = 0. List the prime factors of a.
17, 23
Suppose 5*w = 2*d - 58, -2*d - 4*w + 26 - 4 = 0. Suppose -m = -2*v - 25, 5*v + 79 = 2*m + d. List the prime factors of (v + 0 + 3)*-1.
7
Suppose -a + 1242 = -5*x, -5028 = -4*a + 14*x - 9*x. What are the prime factors of a?
2, 631
Let h(l) = -17*l - 15. Let u(s) = 4*s - 32*s**3 - 2 + 31*s**3 - 4*s**2 - 7. Let a be u(-5). List the prime factors of h(a).
53
Let b = -29 + 19. Let k = b + 13. What are the prime factors of (4 - k) + (2 - -6)?
3
Let t = 31 + -31. Suppose t = 15*y - 20*y + 1525. List the prime factors of y.
5, 61
Let b(m) = -m**3 - 2*m**2 + 4*m + 6. Let k be (-8 - -5)/((-6)/10). Suppose k*o = -3*h + 3, -3*o - 4 = 4*h + o. What are the prime factors of b(h)?
2, 11
Suppose 5*i + 7*g - 20200 = 8*g, 3*g = -5*i + 20220. What are the prime factors of i?
3, 449
Let d = 621 + -127. What are the prime factors of d?
2, 13, 19
Let h(r) be the third derivative of -r**6/120 + r**5/30 - r**4/24 + r**3/3 + 8*r**2. Let a be h(2). Suppose a = -3*p + p + 12. List the prime factors of p.
2, 3
Let b = -21 - -23. Suppose -b*z = 3*z. Suppose 44 = g - 2*t, z*g = -4*g - 3*t + 121. List the prime factors of g.
2, 17
Suppose -n - 9 = -3*f + n, -5*f + 19 = -2*n. Suppose f*c = 7*c - 182. What are the prime factors of c?
7, 13
Let q(m) = m**3 + 1. Suppose 18 = 5*x + 3. Suppose 0 = j + 5*y + 12, x*y + y = -2*j - 6. List the prime factors of q(j).
2, 7
Suppose 0 = -q, 5*o + q - 10 = -0*o. Suppose l + 78 = 3*a - o*l, 4*a - 122 = -5*l